{"id":61,"date":"2024-06-11T18:06:57","date_gmt":"2024-06-11T21:06:57","guid":{"rendered":"https:\/\/daniquiropraxia.com.br\/site\/produto\/apoio-de-pescoco\/"},"modified":"2025-03-02T09:57:38","modified_gmt":"2025-03-02T12:57:38","slug":"apoio-de-pescoco","status":"publish","type":"product","link":"https:\/\/daniquiropraxia.com.br\/site\/produto\/apoio-de-pescoco\/","title":{"rendered":"Suporte ONDA &#8211; Apoio de pesco\u00e7o"},"content":{"rendered":"<p style=\"text-align: justify;\"><span style=\"font-weight: 400;\">O Suporte ONDA para a regi\u00e3o cervical \u00e9 uma alternativa f\u00e1cil de se encaixar na rotina para quem tem dias corridos. O seu uso \u00e9 indicado para melhora da curvatura da cervical e assim o relaxamento da musculatura local, ao gerar leve descompress\u00e3o gera al\u00edvio e relaxamento da cervical. Uso di\u00e1rio em m\u00e9dia de 5 \u00e1 10 min, n\u00e3o sendo superior ao tempo indicado. Comece com poucos minutos e v\u00e1 aumentando progressivamente at\u00e9 os 10 min.<\/span><\/p>\n","protected":false},"excerpt":{"rendered":"<p>O Suporte ONDA para a regi\u00e3o cervical \u00e9 uma alternativa f\u00e1cil de se encaixar na rotina para quem tem dias<\/p>\n","protected":false},"featured_media":141,"comment_status":"open","ping_status":"closed","template":"","meta":[],"product_brand":[],"product_cat":[17],"product_tag":[],"class_list":{"0":"post-61","1":"product","2":"type-product","3":"status-publish","4":"has-post-thumbnail","6":"product_cat-acessorios-para-coluna","8":"first","9":"instock","10":"shipping-taxable","11":"purchasable","12":"product-type-simple"},"_links":{"self":[{"href":"https:\/\/daniquiropraxia.com.br\/site\/wp-json\/wp\/v2\/product\/61","targetHints":{"allow":["GET"]}}],"collection":[{"href":"https:\/\/daniquiropraxia.com.br\/site\/wp-json\/wp\/v2\/product"}],"about":[{"href":"https:\/\/daniquiropraxia.com.br\/site\/wp-json\/wp\/v2\/types\/product"}],"replies":[{"embeddable":true,"href":"https:\/\/daniquiropraxia.com.br\/site\/wp-json\/wp\/v2\/comments?post=61"}],"wp:featuredmedia":[{"embeddable":true,"href":"https:\/\/daniquiropraxia.com.br\/site\/wp-json\/wp\/v2\/media\/141"}],"wp:attachment":[{"href":"https:\/\/daniquiropraxia.com.br\/site\/wp-json\/wp\/v2\/media?parent=61"}],"wp:term":[{"taxonomy":"product_brand","embeddable":true,"href":"https:\/\/daniquiropraxia.com.br\/site\/wp-json\/wp\/v2\/product_brand?post=61"},{"taxonomy":"product_cat","embeddable":true,"href":"https:\/\/daniquiropraxia.com.br\/site\/wp-json\/wp\/v2\/product_cat?post=61"},{"taxonomy":"product_tag","embeddable":true,"href":"https:\/\/daniquiropraxia.com.br\/site\/wp-json\/wp\/v2\/product_tag?post=61"}],"curies":[{"name":"wp","href":"https:\/\/api.w.org\/{rel}","templated":true}]}}